 22 + 4*p**2 + 32 - 3*p**2 + 2*p + 5. List the prime factors of x(r).
59
Let b = 14 + -24. Let q = b - -20. List the prime factors of (-184)/(-10)*25/q.
2, 23
Suppose -34 = -4*j + v, 3*j = -4*v - 3 + 38. Suppose -5*i + j*i = -40. Let b(f) = -f**2 - 15*f - 13. What are the prime factors of b(i)?
37
Let s = -720 + 1679. List the prime factors of s.
7, 137
Let m = -3 + 21. Let s(l) = l**3 - 16*l**2 - 23*l + 30. What are the prime factors of s(m)?
2, 3, 11
Let b be (-1 - -7)/((-1)/(-3)). Let k be (-4)/b + (-94)/(-18). Suppose -3*s + 57 = 2*m + 2*s, -k*m = -4*s - 60. What are the prime factors of m?
2
Suppose 4*z = 3*x + 8*z, -z - 23 = -5*x. Let t = 1 + x. Suppose 4*k + w - 163 = -0*w, w - 203 = -t*k. What are the prime factors of k?
2, 5
Suppose -3*r + 4*r + 4*w = 6, 5*r - 130 = 5*w. Let g = -1 - 0. Let j = r - g. List the prime factors of j.
23
Let h(a) = 2 - 2*a + 0*a + 6*a. Let k be h(1). Let s(p) = p - 4. List the prime factors of s(k).
2
Let o(m) = m**2 - 4*m - 17. Let i be o(-7). Let g = i + -42. What are the prime factors of g?
2, 3
Let y = -26 - -11. Let q(a) = a**2 + 14*a - 21. Let p be q(y). List the prime factors of 254/6 - (-2)/p.
2, 3, 7
Let u(g) = 39*g - 271. What are the prime factors of u(27)?
2, 17, 23
Let v(g) = 3*g - 101. Let o be v(32). List the prime factors of (o - -164) + 12/(-3).
5, 31
List the prime factors of (-16 - -19)*(-42)/(4/(-2)).
3, 7
Let f(w) = w**2 + w - 4. Let r be f(0). Let v(c) be the third derivative of -c**6/60 - c**5/15 + c**4/12 + c**3 + 4*c**2 + 17*c. List the prime factors of v(r).
2, 31
Let r(b) = 3*b - 22. Let w be r(8). List the prime factors of 5/w*(-84)/(-105).
2
Let f(w) = -w**3 - 6*w**2 - 3*w + 7. Let q be f(-5). Let o(y) = 17*y**2 + y + 3. List the prime factors of o(q).
3, 17
Let h = -14 + 34. Suppose 2*b + h = 216. Let g = b - 67. What are the prime factors of g?
31
Let v = 33 - -2. Let o be 0*(-1)/(-3) - -5. Suppose -y + 4*i + 38 = 0, -o*y - 5*i + 55 = -v. What are the prime factors of y?
2, 11
Suppose 3*l + 232 + 29 = 0. Let q = -50 - l. What are the prime factors of q?
37
Let l(j) = j + 2. Let t be l(3). Suppose 3*b = -t*u + 1104, 0*u - 3*u + 662 = 2*b. List the prime factors of u.
2, 3, 37
Suppose 2*z = -s + 338, -46*z + 47*z = -5*s + 187. What are the prime factors of z?
167
Let g(x) = 2*x**2 - 6 + 5*x**2 + x**3 - 2 - 5*x - 4*x. Let m be g(-8). Suppose v - 2 = -m. What are the prime factors of v?
2
Let l = 19 - 19. Suppose -y + 5*o - 20 = l, o = 2*y - 6*y - 38. Let q(n) = -5*n. List the prime factors of q(y).
2, 5
Let y(r) = 4*r**2 + 11*r + 14. Suppose -4*q - 2*n - 21 + 3 = 0, -q + 4*n = 0. What are the prime factors of y(q)?
2, 17
Suppose 0 = -3*s + 2*w + 6, -4*s - s = 5*w - 35. Suppose 0 = -s*b - 5*j + 572, -6*b + 715 = -b - j. List the prime factors of b.
11, 13
Suppose 481 = 7*k - 296. List the prime factors of k.
3, 37
Suppose -325 = -2*q - n, -9*q = -4*q + n - 811. What are the prime factors of q?
2, 3
Suppose -6 = -5*y + 3*q + 5, 3 = q. List the prime factors of ((-1)/y)/((-3)/708).
59
Let n(y) = y**3 + 9*y**2 + 8*y + 10. Let i be n(-8). Suppose f + f - i = 0. Suppose -4*k + 173 = -f*u, -32 = 2*k + 3*u - 135. What are the prime factors of k?
47
Suppose 2 - 5 = -b. Suppose 3 = -3*j - b. What are the prime factors of (4/j)/((-20)/170)?
17
Suppose -2*b - b - 5*h = -1182, 3*b - 1203 = 2*h. What are the prime factors of b?
3, 7, 19
Let s = 3 - -1. Suppose -2*m - 204 = -2*w - 8, s*w - m - 380 = 0. List the prime factors of w.
2, 47
Let w(r) = 72*r - 91. What are the prime factors of w(7)?
7, 59
Let c = -43 - -47. Let u(m) = 2*m**3 - 4*m**2 + 9*m - 7. List the prime factors of u(c).
3, 31
Let d(o) = -9*o**3 - 4*o**2 - 3*o + 18. What are the prime factors of d(-5)?
2, 23
Let p(j) = 302*j**2 + 3*j. What are the prime factors of p(2)?
2, 607
Suppose 6*s + 411 = 5979. List the prime factors of s.
2, 29
Suppose -13 = -5*h + 2. Let f be (-150)/21 + h/21. Let n = f + 11. List the prime factors of n.
2
Suppose -3*y + 21 = 4*y. Let g(d) = 21*d - 3. What are the prime factors of g(y)?
2, 3, 5
Suppose 0 = 2*f - 21 + 15. Suppose f*c = 5*j + 5*c - 349, 0 = 2*j + 2*c - 142. List the prime factors of j.
3, 23
List the prime factors of (-6954)/2*(1 - (-25)/(-15)).
2, 19, 61
Let k = 434 - 261. What are the prime factors of k?
173
Let c = 221 + -151. What are the prime factors of c?
2, 5, 7
Suppose t + 4*i = -0*t + 567, -4*t + 2301 = 5*i. What are the prime factors of t?
3, 193
Suppose 16 = 4*y, -4*w + 11672 = 3*y - 0*y. What are the prime factors of w?
5, 11, 53
Suppose -1146 = -2*t - g + 73, 0 = -5*t - g + 3049. What are the prime factors of t?
2, 5, 61
Let s(h) be the third derivative of -h**4/8 + 10*h**2. Let v be s(-1). Suppose 2*u = -5*q + 83, -v*u = -8*u + q + 275. What are the prime factors of u?
2, 3
List the prime factors of 10/8*(1 - -195).
5, 7
Suppose 0 = 3*y - 3*h - 9, -16 = -3*y + 2*h - 2. Let g(p) = -p**3 + 7*p**2 + 10*p - 4. Let n be g(y). List the prime factors of 1/(-3) - (-244)/n.
2, 5
Suppose 0 = a + z, -a - 2*z - 4 = -3*z. Let l = -12 + 32. Let s = a + l. What are the prime factors of s?
2, 3
Suppose 5*m + 3*m = -112. Let b(k) = -4*k + 3. List the prime factors of b(m).
59
Let l(m) = 4*m**2 + 2*m + 1. Let d(a) = a**3 - 4*a**2 + a - 5. Let s be d(4). Let g be ((-1)/2)/(s/(-2)). List the prime factors of l(g).
3
Suppose -3*d + 5*w - 33 = -157, -6 = 3*w. Suppose -d - 32 = -x. What are the prime factors of x?
2, 5, 7
Let q(f) = -f**3 - f**2 - f + 1. Let p be q(1). Let c be -4*2*p/8. Suppose -g + c*b + 31 = 3*b, -5*b + 5 = 0. What are the prime factors of g?
2, 3, 5
Let z be -2*(-3)/(2 - -1). Suppose z*p + 3*n = 43, 3*n + 65 + 8 = 2*p. List the prime factors of p.
29
Let r(n) = 72*n**2 - 13*n - 8. List the prime factors of r(-3).
7, 97
Let m be -1*3/(12/352). What are the prime factors of (-5616)/m - 4/(-22)?
2
Let y(i) = -i**3 + 5*i + 1. Let d be y(-4). Let w be 0 + 47 - (3 - 3)/3. Suppose -w = -2*b + d. List the prime factors of b.
2, 23
Let d(p) = 65*p - 6. Let h be d(1). What are the prime factors of h/((-5)/2 - -3)?
2, 59
What are the prime factors of ((-90)/(-4))/(24/368)?
3, 5, 23
Let u(z) = -415*z - 2. List the prime factors of u(-1).
7, 59
Let z = 10986 + -7222. What are the prime factors of z?
2, 941
What are the prime factors of ((-964)/(-12))/((3/(-72))/(-1))?
2, 241
Suppose 10*l = 1301 + 2739. What are the prime factors of l?
2, 101
Let k(p) = 2*p**2 - 4*p - 5. Let c be ((-100)/(-30))/(2/(-3)). List the prime factors of k(c).
5, 13
Let n(i) = i**2 + i - 1. Let o(l) = 1. Let z(u) = n(u) + 3*o(u). Let k be z(-2). List the prime factors of 1/k + 286/8.
2, 3
Let g(b) = 281*b + 40. List the prime factors of g(2).
2, 7, 43
Suppose 816*r - 824*r = -7712. What are the prime factors of r?
2, 241
Let d(a) = a - 6. Let i be d(6). Suppose 0 = -2*n, -3*n + 112 = -i*s + s. Suppose s = 5*r - 58. List the prime factors of r.
2, 17
Suppose 0 = -4*t - 8 - 4. Let i = t - 0. Let a = 9 + i. List the prime factors of a.
2, 3
Let z(o) = -o**2 - 10. Let k be z(0). Let v = k - 9. Let u = v + 49. What are the prime factors of u?
2, 3, 5
Let v(z) = -8*z - 4. Suppose -c - o = -5*o + 17, 0 = -2*c - 5*o - 21. Let l be 4/(-10) + c/5. What are the prime factors of v(l)?
2, 5
Let u(h) = -9*h - 27. Let d be u(-13). List the prime factors of (138/115)/(((-1)/d)/(-1)).
2, 3
Let a(p) = -215*p + 152. What are the prime factors of a(-6)?
2, 7, 103
Let d = -15 - 15. Let z be 550/d + (-2)/3. List the prime factors of -1 - (1 + 0) - z.
17
Suppose 2*q + n = 11, -6*q = -q + 4*n - 29. Suppose 0 = q*f - 490 - 170. List the prime factors of f.
2, 3, 11
Suppose 5424 = 5*y - 3326. List the prime factors of y.
2, 5, 7
Let d(y) be the third derivative of -8*y**4/3 - 35*y**3/6 + 39*y**2. List the prime factors of d(-4).
13, 17
Suppose -3*s - 6*c = -4*c - 143, c = 1. Let a(w) = -w**3 + 7*w**2 - 9*w + 9. Let u be a(5). Let l = s + u. What are the prime factors of l?
61
Let w be (135/15)/(2/8*1). Suppose 38*h - w*h = 196. What are the prime factors of h?
2, 7
Suppose -5*w - 11 = -3*f, -5*f - 2*w = -25 - 14. Suppose f*o - 240 = 4*o. Suppose y - o + 14 = 0. What are the prime factors of y?
2, 3, 11
Suppose 2*m = 2*x - 2*m, -3*x = m - 14. Suppose -x*q + 163 = -2*q + 3*y, -y = 4*q - 341. What are the prime factors of q?
2, 43
Let 